(base 13) to base 3.
-21211211012111
Convert 11011310230 (base 4) to base 5.
320201242
Convert -42550 (base 11) to base 16.
-f1be
Convert -11054240 (base 6) to base 8.
-1214320
-6385a (base 13) to base 6
-3502252
782688 (base 12) to base 10
1912136
Convert 23303120 (base 4) to base 7.
260642
What is -38901 (base 14) in base 6?
-2551205
Convert 33435245 (base 7) to base 13.
7a6bb8
-115553524 (base 6) to base 11
-129a248
Convert 3db02 (base 15) to base 12.
9686b
83477 (base 11) to base 2
11101101101011001
-242467 (base 8) to base 13
-2bb83
Convert 16b92 (base 16) to base 12.
45a42
Convert 12304223 (base 9) to base 7.
102135540
1103100332 (base 4) to base 6
11150542
Convert -75281 (base 11) to base 6.
-2202453
What is 10011001111101001001 (base 2) in base 11?
3a0864
What is -2b2034 (base 12) in base 3?
-1101001100111
-44c15d (base 15) to base 16
-320fad
What is 10101100000010000000 (base 2) in base 6?
23034120
-30054 (base 8) to base 13
-57c8
Convert -21405411 (base 7) to base 15.
-26358c
What is 40003505 (base 6) in base 15?
172052
What is 68922 (base 14) in base 16?
3e122
What is 7c8e3e (base 15) in base 12?
1bb1272
What is 15123388 (base 9) in base 14?
dd8915
Convert 4299ba (base 16) to base 7.
52046106
What is -11210101111221 (base 3) in base 6?
-130330341
Convert -124201 (base 7) to base 2.
-101101000101000
What is -100031232 (base 4) in base 8?
-201556
What is 110010111100010010110011 (base 2) in base 3?
221010110110122
344701 (base 9) to base 2
110010100000011011
Convert -d0d828 (base 15) to base 12.
-33a3418
What is -2ba15 (base 13) in base 14?
-22365
What is -2044511 (base 6) in base 2?
-11000010011011011
What is -10111111001010011001101 (base 2) in base 12?
-2121011
What is 3043441022 (base 5) in base 11?
3578680
Convert 17241070 (base 8) to base 2.
1111010100001000111000
Convert 106329 (base 11) to base 16.
295d7
25350105 (base 6) to base 9
1483845
What is -1a7ae (base 16) in base 11?
-74542
Convert 225033 (base 7) to base 13.
1537b
Convert -a5704 (base 15) to base 13.
-154a9b
What is -2401124244 (base 5) in base 10?
-5489324
What is -734846 (base 12) in base 4?
-12322122312
What is -35750023 (base 9) in base 5?
-13431433111
-433471 (base 11) to base 15
-da38c
What is -10001020121201 (base 3) in base 2?
-110001011001110001111
Convert -7256188 (base 9) to base 7.
-44640623
Convert 385a4 (base 12) to base 6.
1351524
116b715 (base 14) to base 12
2958333
Convert 1866547 (base 9) to base 15.
15a7d1
What is 50373 (base 12) in base 2?
11001011100000111
-118857 (base 9) to base 12
-358ba
What is -33164142 (base 7) in base 12?
-b58b00
Convert 54cad1 (base 15) to base 14.
773213
What is 11323130002 (base 4) in base 2?
101111011011100000010
Convert 1100011111111111 (base 2) to base 10.
51199
Convert -1614603 (base 7) to base 6.
-4434213
31211031110 (base 4) to base 8
15451524
Convert -115a87 (base 13) to base 4.
-1210233200
Convert -8a715 (base 12) to base 4.
-230332001
-10000100000011101010 (base 2) to base 9
-1013876
Convert -10000001100100011011 (base 2) to base 6.
-15213003
-1e6dd (base 15) to base 16
-18469
Convert -4225145 (base 6) to base 3.
-101110110102
22543 (base 15) to base 11
75042
What is 285270 (base 10) in base 6?
10040410
What is 12322032101 (base 4) in base 7?
21252614
Convert -6004547 (base 9) to base 7.
-36063103
Convert -1483752 (base 10) to base 13.
-3cc47a
-85aa6 (base 11) to base 7
-1030515
What is 6b572 (base 13) in base 16?
2ff77
What is 408e3 (base 16) in base 2?
1000000100011100011
Convert 130131142 (base 5) to base 7.
5233144
-112112321 (base 4) to base 12
-44bb5
7797b (base 12) to base 3
22001121112
1221102120112 (base 3) to base 12
419242
-969ba1 (base 12) to base 15
-3207e1
What is -437018 (base 9) in base 13?
-91a4b
Convert -3054661 (base 7) to base 13.
-cab79
What is 1466623 (base 7) in base 16?
313b4
-5a432 (base 12) to base 13
-4344b
Convert -2acbe (base 16) to base 11.
-10a779
What is 20002022211 (base 3) in base 5?
12313134
Convert bdeb6 (base 15) to base 2.
10010011011110100111
Convert -b983 (base 15) to base 5.
-2224043
What is 6a960 (base 12) in base 9?
237220
What is 150155414 (base 6) in base 13?
844846
What is -11022313313 (base 4) in base 11?
-846250
134125 (base 10) to base 5
13243000
151c72 (base 14) to base 13
1c9792
101112211210 (base 3) to base 15
417d6
Convert -21540312 (base 6) to base 14.
-12d1d2
What is 202330200123 (base 4) in base 14?
130665d
What is 31000101133 (base 4) in base 8?
15002137
-195668 (base 10) to base 7
-1443314
What is -134134233 (base 5) in base 7?
-5614415
What is 135bb5 (base 12) in base 9?
538782
-13100122 (base 6) to base 5
-102141410
What is -15c05 (base 15) in base 12?
-34765
What is -7346722 (base 10) in base 13?
-16a2c96
-130233010022 (base 4) to base 12
-2633322
1203420 (base 7) to base 6
3134010
Convert -2303330132 (base 4) to base 11.
-46383a
Convert -4472 (base 16) to base 5.
-1030042
ab4e (base 16) to base 13
16c65
What is 103242454 (base 6) in base 12?
74942a
What is -3971944 (base 10) in base 13?
-a90b82
16cd3a (base 15) to base 4
10032022231
-320341401 (base 5) to base 12
-547716
22716 (base 14) to base 7
466026
What is 491003 (base 10) in base 3?
220221112022
-241024213 (base 5) to base 8
-4172217
What is 11503681 (base 9) in base 12?
1a67b01
Convert -1001001002220122 (base 3) to base 16.
-e3638a
-79799 (base 10) to base 8
-233667
-11278665 (base 9) to base 11
-3106903
-310230303 (base 4) to base 9
-358083
What is -10111010110001111000101 (base 2) in base 4?
-113112033011
-1441344230 (base 5) to base 8
-16553476
What is 11553401 (base 6) in base 8?
1330011
Convert 5216704 (base 10) to base 2.
10011111001100111000000
Convert -118292 (base 12) to base 14.
-755ca
Convert -22b76a3 (base 13) to base 7.
-160114523
Convert -10110001000001010110110 (base 2) to base 14.
-aadd0a
What is -6329b (base 16) in base 9?
-678141
-1011000011111011100 (base 2) to base 4
-1120133130
344ab (base 16) to base 6
4331335
Convert 1058363 (base 9) to base 7.
4563624
What is 6320907 (base 10) in base 4?
120013030023
-12037037 (base 8) to base 16
-283e1f
What is -2501873 (base 9) in base 2?
-101001011111011010010
Convert -66201 (base 7) to base 13.
-7701
Convert -1379150 (base 12) to base 4.
-32312202030
Convert -28b7b3 (base 15) to base 16.
-1df27a
217e0b (base 16) to base 15
2d5555
Convert 10111100100001101010 (base 2) to base 8.
2744152
What is 693cf7 (base 16) in base 6?
403454011
Convert -1002011304 (base 5) to base 8.
-7445264
-14423203 (base 5) to base 8
-456263
What is 1430011 (base 5) in base 15?
8d56
5242301 (base 8) to base 7
14563503
Convert -45401014 (base 7) to base 8.
-17042657
What is -7cb84 (base 13) in base 16?
-37ba2
What is -152542324 (base 6) in base 13?
-8884b1
2b241 (base 13) to base 7
460064
Convert 567701 (base 14) to base 3.
12112101012012
Convert -8b335a (base 12) to base 4.
-20133010312
What is 59ac3e (base 16) in base 5?
3001024143
What is -205305103 (base 6) in base 16?
-3730bf
Convert -1291 (base 12) to base 16.
-84d
Convert -28836 (base 9) to base 5.
-1112020
-10b7b18 (base 12) to base 7
-36302303
Convert 2993952 (base 11) to base 13.
10a7a01
What is -15bad5 (base 15) in base 12?
-428a0b
Convert -a4793 (base 13) to base 12.
-123159
What is 3a657 (base 14) in base 6?
3030221
What is -1201031 (base 6) in base 5?
-3444233
Convert -574495 (base 13) to base 10.
-2065978
What is 1010111011010010010111 (base 2) in base 4?
22323102113
10223221331 (base 4) to base 13
33c887
-1100111000111111 (base 2) to base 5
-3142144
Convert -4413002 (base 7) to base 8.
-2041110
What is -60063023 (base 8) in base 5?
-11211442133
20a26d (base 14) to base 8
4153331
Convert 112212244 (base 5) to base 16.
7bd3f
Convert 101011110010100 (base 2) to base 3.
1010202101
What is 101204504 (base 6) in base 7?
20546155
422340321 (base 5) to base 2
110101110001010101001
What is -2067191 (base 14) in base 8?
-72314453
59800 (base 10) to base 14
17b16
Convert -48862c (base 13) to base 4.
-12212323000
Convert -11c196 (base 14) to base 13.
-184564
What is 31480b (base 12) in base 5?
144302212
40088 (base 10) to base 14
10876
-11e791 (base 15) to base 9
-1548241
What is -42e1 (base 15) in base 11?
-a704
What is -abbb (base 14) in base 12?
-15281
Convert -38766 (base 9) to base 16.
-661e
Conv